4/x composite?
False
Let t be ((-2)/4)/((-2)/20). Suppose 5*y - 1345 = -0*y - 3*g, -1345 = -t*y - 5*g. Is y prime?
True
Suppose 8*v - 4*v = 4*u - 8804, 3*u + 2*v - 6613 = 0. Is u a composite number?
False
Let o = 4 + -2. Suppose 5*q + k = 953, -209 - 169 = -o*q - 2*k. Is q composite?
False
Let a be 2*5*(-10)/20. Let v(b) = -7*b - 2. Let d(y) = 3*y + 1. Let i(c) = 9*d(c) + 4*v(c). Is i(a) composite?
True
Let r be (-386)/(-4 - -2) + 3. Let x = r - -17. Suppose 0 = -5*h + x + 592. Is h a composite number?
True
Let n be 487 + 7 + (-3)/1. Suppose -6*d + 3*d + 2*h + 297 = 0, 0 = -5*d + 2*h + n. Is d composite?
False
Let r = -40 + 63. Is r a prime number?
True
Is ((-22)/8)/((-1)/68) a prime number?
False
Let i(m) be the second derivative of -4*m**3/3 - m**2/2 + m. Suppose 0 = -0*s + 2*s + 6. Is i(s) composite?
False
Let g(l) = -9 + 3 - 9 + 19*l + 1. Is g(7) a composite number?
True
Let z = 8 - 5. Suppose 4*u + 3*i - 2*i - 452 = 0, -339 = -z*u + 4*i. Is u composite?
False
Suppose 2*z - 4*j - 52 = 0, 4*j - j = 15. Let o = z - -41. Is o a prime number?
False
Suppose 0 = 3*b - 2*b - 89. Is b prime?
True
Is 10/(-15)*747/(-2) a composite number?
True
Let c(s) = s**3 + 9*s**2 + 8*s + 25. Is c(11) a composite number?
True
Suppose 2*k = 4*k - 38. Suppose 3*c - v - v - k = 0, 0 = -5*c - 3*v. Suppose -c*z = -i - 43, -i = -4*z - 4*i + 53. Is z prime?
False
Let z = 9 + -3. Suppose -5*f - 39 = 3*n, 0 = -f + 5*n + 15 - z. Is (3/f)/((-2)/44) composite?
False
Suppose 5*b - 3476 = -4*g, b = g - 3*b - 890. Suppose -r + 4*n = -69 - 125, 5*r + 4*n = g. Suppose -x + 3*x = r. Is x a prime number?
True
Suppose -9*r + 4*r + 485 = 0. Is r prime?
True
Let w be -1*(99/3)/(-3). Let c(z) = 2*z**2 - 3*z - 15. Is c(w) a prime number?
False
Suppose -1228 = i - 5*i. Is i a prime number?
True
Let g be (2/(-4))/(2/(-16)). Suppose 9*v - 4*v = 2*w + 87, 5*v - 79 = g*w. Is v a prime number?
True
Suppose 2*u + 2*u - 12 = 0. Suppose 3*h + 0*x + 3*x = 6, 0 = 3*h - u*x - 18. Suppose 0*d = h*d - 308. Is d a prime number?
False
Suppose 4*b + b = j - 674, 0 = -2*b + 2*j - 268. Let p be 2/5 + (-2196)/(-10). Let u = b + p. Is u prime?
False
Let u = -938 + 1347. Is u a prime number?
True
Let n(d) = 13*d - 21. Let l be n(15). Suppose 77 = s - l. Is s a composite number?
False
Let n = -204 - -1323. Suppose 517 = 4*d - n. Is d a prime number?
True
Is (-2)/(-4)*(354 + 4) a prime number?
True
Let d be (-2)/(-11) - 4/22. Suppose d = -3*y + 305 + 169. Is y composite?
True
Let d(w) = -w**3 - 8*w**2 + 11*w - 7. Is d(-10) prime?
True
Is 3/6 + 738/4 prime?
False
Suppose t + v = -2, -3*t - 4*v - 10 + 0 = 0. Let w(m) be the third derivative of m**6/15 - m**5/30 + m**4/8 - m**2. Is w(t) composite?
True
Let p(s) = s**2 - 9*s + 8. Let g = -21 + 29. Let c be p(g). Is c - (-1)/(-1) - -120 composite?
True
Suppose 0 = -0*y + 2*y - 8. Let o be (-2)/1 - 4/y. Is (-554)/(-6) + (-2)/o a prime number?
False
Suppose 1651 = 7*l + 6*l. Is l a composite number?
False
Suppose -4*n + 41 + 15 = 0. Is n a composite number?
True
Let w = 88 + -51. Is w a composite number?
False
Let i(j) = 12*j - 5 + 4 + 40*j + 0. Let l be i(4). Suppose 4*v - l = v. Is v a composite number?
True
Let n be (-2404)/8*-1*6. Suppose 0 = -2*j - 5*b + 811, 5*b - 136 + n = 4*j. Is j a prime number?
False
Let a be (-288)/(-28) - 4/14. Let y be (a/4)/(2/(-4)). Let z(t) = -t**3 - 3*t**2 - 4*t - 3. Is z(y) composite?
False
Let q = -22 + 14. Let x(i) = 7*i**2 + i + 2. Let h be x(q). Suppose 2*d = 4*j - 834, -5*d + d = 2*j - h. Is j composite?
False
Let v(y) = -2*y**2 - y - 8. Let z be v(-6). Let k be (-2)/8 - z/8. Suppose -67 = -4*j + k. Is j composite?
False
Let x(k) = 127*k**2 - 2*k + 2. Is x(1) composite?
False
Let n(v) = -v**3 + 1. Let q(o) = -3*o**3 + 4*o**2 + 3*o + 5. Let w(c) = -2*n(c) + q(c). Let k be w(5). Let i = k + 14. Is i composite?
False
Let n(a) = 13*a + 1. Let i be n(-1). Is (-163)/(-3) - 8/i prime?
False
Suppose 3*m - 3*d - 894 = 0, 606 = -2*m + 4*m - 4*d. Is m a prime number?
True
Suppose 3*o - 4*o - 200 = 0. Let n = 283 + o. Is n a prime number?
True
Let q = 19 - 9. Suppose -2*o - q = 3*x, 0 = -2*o - 3*o - 2*x - 3. Is ((-1)/(o/31))/(-1) composite?
False
Let r(z) be the first derivative of 8*z**3 + z**2 + 2*z - 2. Is r(-2) composite?
True
Let r(l) = l**2 - 8*l - 11. Let x be r(10). Let o be 0/2 - -2*2. Suppose o*w = x + 47. Is w a composite number?
True
Let b be (-45)/(-3)*1/3. Suppose 0*p + 4*p - b*o = 140, -5*o - 20 = 0. Suppose -p = -3*g - 2*g. Is g a prime number?
False
Let s(x) = 175*x - 1. Let o be s(1). Suppose -m + o = m. Is m composite?
True
Let n be (-26)/(-4) - (-12)/(-8). Suppose -46 = -r + 4*c, n*r - 230 = -0*c - 2*c. Is r prime?
False
Let q(s) = s**2 + 9*s + 3. Let x be q(-9). Suppose 4*z - x = 13, -2526 = -2*b - 2*z. Is b composite?
False
Let f(d) = -2*d - 4. Let i be f(3). Is ((-2)/(-1))/(i/(-185)) a prime number?
True
Let h(o) = -o**3 - o**2 + 1. Let g(w) = 2*w**3 + w**2 + 2*w - 4. Let r(i) = g(i) + 3*h(i). Is r(-4) a prime number?
True
Suppose 2*r - 4976 = -2*m, 0 = -m + 3*r + 2203 + 265. Is m composite?
True
Let g = -1812 + 3799. Is g a composite number?
False
Suppose 19 = -5*x - 21. Let o(k) = -k**3 - 7*k**2 + 6*k - 9. Let i be o(x). Suppose -v + i = -4*u, -2*u + 3*u - 98 = -5*v. Is v a composite number?
False
Let o(w) = -10*w - 10. Let g(t) = 1. Let p(f) = -3*g(f) + o(f). Is p(-7) a composite number?
True
Suppose -3*m = -8*m + 10. Suppose -23 - 51 = -m*d. Is d a prime number?
True
Let c = 0 + 0. Suppose c = 2*l - 4. Suppose l*i = 29 + 77. Is i a prime number?
True
Let r(l) = -11*l - 4 - 11 + 3*l - 5*l + 11*l**2. Let a(v) = -17*v**2 + 19*v + 23. Let d(t) = 5*a(t) + 8*r(t). Is d(9) prime?
True
Suppose 2*g + 10 - 24 = 0. Let b(n) = 2*n**2 - 4*n - 3. Is b(g) a composite number?
False
Let u be ((-6)/4 - -2)*-252. Suppose -t + 5*m - 314 = 0, 0 = t + 2*m + 2*m + 269. Let z = u - t. Is z composite?
False
Let q be (2/4)/((-3)/12). Let k be ((-6)/q)/(6/(-124)). Let s = k + 117. Is s prime?
False
Let a(d) = -d**2 - 2*d. Let q be a(-3). Let s(j) = -44*j**2 + j - 2. Let f(r) = -43*r**2 + r - 3. Let o(m) = q*s(m) + 2*f(m). Is o(-1) composite?
False
Let a(o) = o**3 + 10*o**2 + o + 7. Let q(t) = -2*t**2 + t + 1. Let g be q(2). Is a(g) a composite number?
False
Suppose 3*p = 4*n + 55, -p - 4*n - n + 31 = 0. Suppose w - c + 0*c - p = 0, 0 = -2*w + c + 44. Is w a composite number?
False
Let w be 7 + -1 + 3 + -2. Let c = w - 2. Suppose -c*u = -57 + 7. Is u prime?
False
Suppose -2*n + 3 = -n. Suppose 0 = n*p + 4*z - 8 - 10, p - 2*z = -4. Is p prime?
True
Suppose 362 = -2*u + 3604. Is u a composite number?
False
Suppose -106 + 33 = -2*k + 3*l, 2*k - 5*l - 75 = 0. Is k a composite number?
True
Suppose -6 - 7 = d - 5*c, -5*c + 25 = 5*d. Suppose 5*y = 3*z + 580, -d*y + 4*z - 40 + 286 = 0. Is y a prime number?
True
Let b = 203 + -108. Is b composite?
True
Let q = -175 - -996. Is q composite?
False
Let m be 12/2 + 1 + 0. Suppose 2*s - 1 = -m. Let i(t) = 5*t**2 - 2*t + 2. Is i(s) composite?
False
Let w(j) = j**3 + 2*j**2 - 5*j - 4. Let l be w(-3). Suppose 5*d + 11 - 36 = 0. Suppose 71 = 4*y - d*m, -l*y + 5*y = m + 45. Is y composite?
True
Let a = -13 + 18. Suppose 7*l = a*l + 212. Is l prime?
False
Let x(q) = -12*q - 9. Let y(a) = 12*a + 9. Let o(d) = 5*x(d) + 4*y(d). Let w = 13 - 24. Is o(w) a prime number?
False
Let h(a) = 3*a**2 - 7*a + 9. Is h(-5) composite?
True
Let y(w) = -21*w - 11. Is y(-6) a prime number?
False
Let g = 107 + 156. Is g a composite number?
False
Let l(a) = 7 + 2*a + 3*a**2 + 8*a - a**2 - 3*a. Is l(-5) prime?
False
Let l(z) be the second derivative of -407*z**3/6 - 7*z. Is l(-1) a prime number?
False
Suppose 0 = 4*q - 512 + 148. Is q a composite number?
True
Let i be 1/(-2)*30/(-3). Suppose 10 + 0 = i*z. Suppose 4*f - 3*b = 54, 2 = -z*b + 6. Is f prime?
False
Suppose 19*a - 267 = 16*a. Is a composite?
False
Let n be (-14)/(-4) + (-2)/4. Suppose 4*g - 5*t - 307 = 0, 5*t + 12 + n = 0. Suppose 7*h - 2*h - g = -d, 4*h = -2*d + 62. Is h a composite number?
True
Let k = 122 + 101. Is k a composite number?
False
Is 1266/9*1/((-2)/(-6)) prime?
False
Let o(m) = 5 + 12*m**2 - 65*m + 74*m + 0*m**3 + m**3. Is o(-10) a composite number?
True
Let x(y) = 219*y**2 + y - 1. Is x(1) a prime number?
False
Let m be ((-12)/(-16))/(1/(-4)). Let i